the remainder when 112 is divided by 37?
1
Calculate the remainder when 140 is divided by 7.
0
What is the remainder when 10007 is divided by 71?
67
Calculate the remainder when 4716 is divided by 13.
10
Calculate the remainder when 30 is divided by 29.
1
Calculate the remainder when 198 is divided by 164.
34
What is the remainder when 137 is divided by 46?
45
What is the remainder when 2901 is divided by 12?
9
Calculate the remainder when 1546 is divided by 36.
34
Calculate the remainder when 153 is divided by 31.
29
Calculate the remainder when 846 is divided by 182.
118
Calculate the remainder when 93 is divided by 20.
13
What is the remainder when 4354 is divided by 104?
90
Calculate the remainder when 1517 is divided by 16.
13
What is the remainder when 264 is divided by 134?
130
What is the remainder when 295 is divided by 71?
11
What is the remainder when 79 is divided by 17?
11
What is the remainder when 835 is divided by 164?
15
Calculate the remainder when 895 is divided by 21.
13
What is the remainder when 26 is divided by 19?
7
What is the remainder when 2466 is divided by 410?
6
Calculate the remainder when 540 is divided by 131.
16
Calculate the remainder when 6036 is divided by 10.
6
Calculate the remainder when 113 is divided by 37.
2
Calculate the remainder when 224 is divided by 58.
50
Calculate the remainder when 248 is divided by 25.
23
Calculate the remainder when 34 is divided by 16.
2
What is the remainder when 7308 is divided by 34?
32
Calculate the remainder when 1221 is divided by 33.
0
What is the remainder when 155 is divided by 43?
26
What is the remainder when 1147 is divided by 40?
27
Calculate the remainder when 1630 is divided by 266.
34
Calculate the remainder when 374 is divided by 19.
13
What is the remainder when 43 is divided by 5?
3
Calculate the remainder when 9478 is divided by 24.
22
Calculate the remainder when 109 is divided by 68.
41
What is the remainder when 15 is divided by 9?
6
Calculate the remainder when 1733 is divided by 102.
101
Calculate the remainder when 588 is divided by 280.
28
Calculate the remainder when 8063 is divided by 2014.
7
What is the remainder when 1907 is divided by 66?
59
What is the remainder when 312 is divided by 35?
32
Calculate the remainder when 304 is divided by 67.
36
Calculate the remainder when 294 is divided by 5.
4
What is the remainder when 3743 is divided by 129?
2
What is the remainder when 3919 is divided by 648?
31
Calculate the remainder when 3951 is divided by 16.
15
Calculate the remainder when 163 is divided by 11.
9
What is the remainder when 563 is divided by 142?
137
Calculate the remainder when 999 is divided by 59.
55
Calculate the remainder when 355 is divided by 35.
5
Calculate the remainder when 29 is divided by 22.
7
What is the remainder when 552 is divided by 79?
78
Calculate the remainder when 312 is divided by 104.
0
Calculate the remainder when 751 is divided by 95.
86
Calculate the remainder when 4130 is divided by 26.
22
What is the remainder when 1369 is divided by 360?
289
What is the remainder when 10082 is divided by 59?
52
Calculate the remainder when 960 is divided by 22.
14
What is the remainder when 32 is divided by 19?
13
Calculate the remainder when 133 is divided by 36.
25
Calculate the remainder when 272 is divided by 91.
90
Calculate the remainder when 1486 is divided by 186.
184
Calculate the remainder when 1137 is divided by 29.
6
What is the remainder when 54 is divided by 15?
9
Calculate the remainder when 877 is divided by 22.
19
Calculate the remainder when 212 is divided by 59.
35
What is the remainder when 181 is divided by 13?
12
What is the remainder when 153 is divided by 77?
76
Calculate the remainder when 1023 is divided by 32.
31
What is the remainder when 68 is divided by 20?
8
What is the remainder when 16707 is divided by 341?
339
Calculate the remainder when 326 is divided by 9.
2
What is the remainder when 7 is divided by 2?
1
Calculate the remainder when 30431 is divided by 317.
316
What is the remainder when 1478 is divided by 376?
350
What is the remainder when 561 is divided by 139?
5
Calculate the remainder when 106 is divided by 45.
16
What is the remainder when 1051 is divided by 171?
25
What is the remainder when 176 is divided by 45?
41
What is the remainder when 403 is divided by 28?
11
What is the remainder when 449 is divided by 92?
81
What is the remainder when 4340 is divided by 55?
50
What is the remainder when 3446 is divided by 26?
14
What is the remainder when 909 is divided by 12?
9
What is the remainder when 220 is divided by 140?
80
What is the remainder when 427 is divided by 16?
11
What is the remainder when 67 is divided by 5?
2
What is the remainder when 82 is divided by 24?
10
What is the remainder when 8604 is divided by 13?
11
What is the remainder when 7942 is divided by 35?
32
What is the remainder when 1609 is divided by 84?
13
What is the remainder when 332 is divided by 52?
20
Calculate the remainder when 920 is divided by 33.
29
What is the remainder when 112 is divided by 99?
13
What is the remainder when 783 is divided by 112?
111
What is the remainder when 3669 is divided by 24?
21
What is the remainder when 60 is divided by 32?
28
What is the remainder when 126 is divided by 4?
2
Calculate the remainder when 314 is divided by 29.
24
Calculate the remainder when 254 is divided by 49.
9
Calculate the remainder when 473 is divided by 82.
63
Calculate the remainder when 62 is divided by 44.
18
Calculate the remainder when 97 is divided by 34.
29
Calculate the remainder when 73 is divided by 26.
21
What is the remainder when 12352 is divided by 11?
10
What is the remainder when 16909 is divided by 14?
11
Calculate the remainder when 1368 is divided by 234.
198
Calculate the remainder when 1817 is divided by 183.
170
Calculate the remainder when 106 is divided by 6.
4
Calculate the remainder when 1751 is divided by 176.
167
Calculate the remainder when 1091 is divided by 91.
90
Calculate the remainder when 118 is divided by 2.
0
What is the remainder when 1497 is divided by 94?
87
What is the remainder when 71 is divided by 36?
35
What is the remainder when 88 is divided by 18?
16
What is the remainder when 2037 is divided by 102?
99
What is the remainder when 213 is divided by 18?
15
Calculate the remainder when 194 is divided by 145.
49
Calculate the remainder when 1076 is divided by 40.
36
Calculate the remainder when 24 is divided by 7.
3
What is the remainder when 203 is divided by 13?
8
What is the remainder when 385 is divided by 385?
0
What is the remainder when 16909 is divided by 151?
148
What is the remainder when 496 is divided by 120?
16
Calculate the remainder when 576 is divided by 17.
15
Calculate the remainder when 55 is divided by 19.
17
What is the remainder when 5272 is divided by 96?
88
Calculate the remainder when 101 is divided by 15.
11
Calculate the remainder when 240 is divided by 11.
9
What is the remainder when 744 is divided by 2?
0
What is the remainder when 1402 is divided by 39?
37
Calculate the remainder when 63 is divided by 24.
15
What is the remainder when 199 is divided by 69?
61
What is the remainder when 718 is divided by 20?
18
What is the remainder when 45 is divided by 24?
21
Calculate the remainder when 127 is divided by 33.
28
What is the remainder when 414 is divided by 15?
9
Calculate the remainder when 210 is divided by 138.
72
Calculate the remainder when 109 is divided by 40.
29
What is the remainder when 30 is divided by 25?
5
What is the remainder when 127 is divided by 32?
31
Calculate the remainder when 462 is divided by 83.
47
What is the remainder when 587 is divided by 108?
47
What is the remainder when 832 is divided by 16?
0
Calculate the remainder when 377 is divided by 9.
8
Calculate the remainder when 403 is divided by 27.
25
Calculate the remainder when 14 is divided by 2.
0
What is the remainder when 335 is divided by 10?
5
What is the remainder when 722 is divided by 56?
50
What is the remainder when 289 is divided by 14?
9
What is the remainder when 393 is divided by 18?
15
What is the remainder when 75 is divided by 40?
35
Calculate the remainder when 97 is divided by 32.
1
What is the remainder when 110